{"id":80,"date":"2021-12-21T21:27:45","date_gmt":"2021-12-21T21:27:45","guid":{"rendered":"https:\/\/build.cross-dock.hu\/?page_id=80"},"modified":"2021-12-30T18:30:05","modified_gmt":"2021-12-30T18:30:05","slug":"belfoldi-szallitmanyozas","status":"publish","type":"page","link":"https:\/\/build.cross-dock.hu\/index.php\/belfoldi-szallitmanyozas\/","title":{"rendered":"Belf\u00f6ldi Sz\u00e1ll\u00edtm\u00e1nyoz\u00e1s"},"content":{"rendered":"<h1>Belf\u00f6ldi Sz\u00e1ll\u00edtm\u00e1nyoz\u00e1s<\/h1>\n<h2>Nemzetk\u00f6zi forgalmunk kiszolg\u00e1l\u00e1sa miatt j\u00e1rm\u0171parkunk folyamatosan mozog haz\u00e1nk ter\u00fclet\u00e9n is, ez\u00e9rt k\u00f6lts\u00e9ghat\u00e9konyan sz\u00e1ll\u00edtunk belf\u00f6ldi viszonylatokban. Ak\u00e1r a nehezen el\u00e9rhet\u0151 orsz\u00e1gr\u00e9szekben is.<\/h2>\n<p>\t\t\t<a href=\"https:\/\/build.cross-dock.hu\/index.php\/kapcsolat\/\" role=\"button\"><br \/>\n\t\t\t\t\t\t\u00c9rdekel<br \/>\n\t\t\t\t\t<\/a><br \/>\n\t\t\t\t\t\t\t\t\t\t\t\t\t\t\t<img width=\"1024\" height=\"941\" src=\"https:\/\/build.cross-dock.hu\/wp-content\/uploads\/2021\/12\/belfoldi-sz-hero-img2-1024x941.png\" alt=\"\" loading=\"lazy\" srcset=\"https:\/\/build.cross-dock.hu\/wp-content\/uploads\/2021\/12\/belfoldi-sz-hero-img2-1024x941.png 1024w, https:\/\/build.cross-dock.hu\/wp-content\/uploads\/2021\/12\/belfoldi-sz-hero-img2-300x276.png 300w, https:\/\/build.cross-dock.hu\/wp-content\/uploads\/2021\/12\/belfoldi-sz-hero-img2-768x706.png 768w, https:\/\/build.cross-dock.hu\/wp-content\/uploads\/2021\/12\/belfoldi-sz-hero-img2.png 1247w\" sizes=\"(max-width: 1024px) 100vw, 1024px\" \/><br \/>\n\t\t\t\t\t\t\t\t\t\t\t\t\t\t\t<img src=\"https:\/\/build.cross-dock.hu\/wp-content\/uploads\/2021\/12\/belfoldi-sz-hero-decor.svg\" alt=\"\" loading=\"lazy\" height=\"269\" width=\"183\" \/>\t\t\t\t\t\t\t\t\t\t\t\t\t\t\t<\/p>\n<h2>Megb\u00edz\u00f3ink sz\u00e1m\u00e1ra a kisz\u00e1m\u00edthat\u00f3 fuvarszervez\u00e9s\u00fcnk az esem\u00e9nyalap\u00fa j\u00e1ratinform\u00e1ci\u00f3ink megoszt\u00e1s\u00e1val j\u00f6n l\u00e9tre.<\/h2>\n<p>\t\t\t\t\t\t\t\t\t\t\t\t\t\t\t<img width=\"1024\" height=\"427\" src=\"https:\/\/build.cross-dock.hu\/wp-content\/uploads\/2021\/12\/belfoldi-sz-megbizoink-img-1024x427.jpg\" alt=\"\" loading=\"lazy\" srcset=\"https:\/\/build.cross-dock.hu\/wp-content\/uploads\/2021\/12\/belfoldi-sz-megbizoink-img-1024x427.jpg 1024w, https:\/\/build.cross-dock.hu\/wp-content\/uploads\/2021\/12\/belfoldi-sz-megbizoink-img-300x125.jpg 300w, https:\/\/build.cross-dock.hu\/wp-content\/uploads\/2021\/12\/belfoldi-sz-megbizoink-img-768x320.jpg 768w, https:\/\/build.cross-dock.hu\/wp-content\/uploads\/2021\/12\/belfoldi-sz-megbizoink-img-1536x640.jpg 1536w, https:\/\/build.cross-dock.hu\/wp-content\/uploads\/2021\/12\/belfoldi-sz-megbizoink-img.jpg 1800w\" sizes=\"(max-width: 1024px) 100vw, 1024px\" \/>\t\t\t\t\t\t\t\t\t\t\t\t\t\t\t<\/p>\n<ul>\n<li>\n\t\t\t\t\t\t\t<svg xmlns=\"http:\/\/www.w3.org\/2000\/svg\" width=\"32\" height=\"44\" viewBox=\"0 0 32 44\" fill=\"none\"><path d=\"M6.596 14.056V35H10.778V10.146H1.156V14.056H6.596ZM18.4769 35.408C19.9729 35.408 21.2309 34.184 21.2309 32.722C21.2309 31.226 19.9729 30.002 18.4769 30.002C16.9809 30.002 15.7229 31.226 15.7229 32.722C15.7229 34.184 16.9809 35.408 18.4769 35.408Z\" fill=\"#E31E24\"><\/path><\/svg><br \/>\n\t\t\t\t\t\t\t\t\t\tAzokat szolg\u00e1ljuk els\u0151sorban, akiknek l\u00e9nyeges az esem\u00e9nyszer\u0171 j\u00e1rat inform\u00e1ci\u00f3.\n\t\t\t\t\t\t\t\t\t<\/li>\n<li>\n\t\t\t\t\t\t\t<svg xmlns=\"http:\/\/www.w3.org\/2000\/svg\" width=\"32\" height=\"44\" viewBox=\"0 0 32 44\" fill=\"none\"><path d=\"M18.802 34.966V30.92H8.466L12.954 27.078C16.728 23.848 18.632 21.23 18.632 17.762C18.632 12.73 15.334 9.704 10.03 9.704C4.76 9.704 1.292 13.24 1.258 18.68H5.576C5.61 15.484 7.31 13.58 10.03 13.58C12.648 13.58 14.178 15.178 14.178 18C14.178 20.38 13.056 22.012 9.69 24.868L1.564 31.736V35L18.802 34.966ZM25.4163 35.408C26.9123 35.408 28.1703 34.184 28.1703 32.722C28.1703 31.226 26.9123 30.002 25.4163 30.002C23.9203 30.002 22.6623 31.226 22.6623 32.722C22.6623 34.184 23.9203 35.408 25.4163 35.408Z\" fill=\"#E31E24\"><\/path><\/svg><br \/>\n\t\t\t\t\t\t\t\t\t\tEzzel \u00fcgyfeleinknek is k\u00f6nnyebben szervezhet\u0151 \u00e9s kisz\u00e1m\u00edthat\u00f3 minden \u00e1rufogad\u00e1s.\n\t\t\t\t\t\t\t\t\t<\/li>\n<li>\n\t\t\t\t\t\t\t<svg xmlns=\"http:\/\/www.w3.org\/2000\/svg\" width=\"32\" height=\"44\" viewBox=\"0 0 32 44\" fill=\"none\"><path d=\"M8.806 22.692C12.274 22.692 13.906 24.528 13.906 27.044C13.906 29.798 12.104 31.566 9.384 31.566C6.732 31.566 4.964 29.934 4.964 27.078H0.68C0.68 32.45 4.454 35.442 9.316 35.442C14.348 35.442 18.326 32.212 18.326 27.112C18.326 22.726 15.368 19.938 11.56 19.19L17.612 13.614V10.146H1.836V13.988H12.172L5.78 19.87V22.692H8.806ZM23.9886 35.408C25.4846 35.408 26.7426 34.184 26.7426 32.722C26.7426 31.226 25.4846 30.002 23.9886 30.002C22.4926 30.002 21.2346 31.226 21.2346 32.722C21.2346 34.184 22.4926 35.408 23.9886 35.408Z\" fill=\"#E31E24\"><\/path><\/svg><br \/>\n\t\t\t\t\t\t\t\t\t\tAj\u00e1nlatunk visszaigazol\u00e1s\u00e1t k\u00f6vet\u0151en ind\u00edtjuk a fuvarszervez\u00e9st.\n\t\t\t\t\t\t\t\t\t<\/li>\n<\/ul>\n<h2>Amivel nem foglalkozunk:<\/h2>\n<ul>\n<li><strong>t\u00falm\u00e9retes, t\u00fals\u00falyos \u00e1ruk<\/strong><\/li>\n<li><strong>tankaut\u00f3s, tart\u00e1lyt ig\u00e9nyl\u0151 \u00e1ruk<\/strong><\/li>\n<li><strong>lev\u00e9l \u2013 kiscsomagsz\u00e1ll\u00edt\u00e1s<\/strong><\/li>\n<li><strong>\u00e9l\u0151\u00e1llatok sz\u00e1ll\u00edt\u00e1sa<\/strong><\/li>\n<li><strong>fagyasztott term\u00e9kek fuvaroz\u00e1sa<\/strong><\/li>\n<\/ul>\n<ul>\n<li><strong>t\u00falm\u00e9retes, t\u00fals\u00falyos \u00e1ruk<\/strong><\/li>\n<li><strong>tankaut\u00f3s, tart\u00e1lyt ig\u00e9nyl\u0151 \u00e1ruk<\/strong><\/li>\n<li><strong>lev\u00e9l \u2013 kiscsomagsz\u00e1ll\u00edt\u00e1s<\/strong><\/li>\n<\/ul>\n<ul>\n<li><strong>\u00e9l\u0151\u00e1llatok sz\u00e1ll\u00edt\u00e1sa<\/strong><\/li>\n<li><strong>fagyasztott term\u00e9kek fuvaroz\u00e1sa<\/strong><\/li>\n<\/ul>\n<h2>Kisz\u00e1m\u00edthat\u00f3 fuvarszervez\u00e9s\u00fcnk az esem\u00e9nyalap\u00fa j\u00e1ratinform\u00e1ci\u00f3ink megoszt\u00e1s\u00e1val j\u00f6n l\u00e9tre.<\/h2>\n<p>L\u00e9pj kapcsolatba vel\u00fcnk, ha az eml\u00edtett viszonylatok b\u00e1rmelyik\u00e9vel van dolgod, mert H\u00cdD -at k\u00e9pez\u00fcnk Eur\u00f3pa \u00e9s a Balk\u00e1n k\u00f6z\u00f6tt.<\/p>\n<p>\t\t\t<a href=\"https:\/\/build.cross-dock.hu\/index.php\/kapcsolat\/\" role=\"button\"><br \/>\n\t\t\t\t\t\t\u00c9rdekel<br \/>\n\t\t\t\t\t<\/a><br \/>\n\t\t\t\t\t\t\t\t\t\t\t\t\t\t\t<img width=\"686\" height=\"790\" src=\"https:\/\/build.cross-dock.hu\/wp-content\/uploads\/2021\/12\/cta_img2.jpg\" alt=\"\" loading=\"lazy\" srcset=\"https:\/\/build.cross-dock.hu\/wp-content\/uploads\/2021\/12\/cta_img2.jpg 686w, https:\/\/build.cross-dock.hu\/wp-content\/uploads\/2021\/12\/cta_img2-261x300.jpg 261w\" sizes=\"(max-width: 686px) 100vw, 686px\" \/><br \/>\n\t\t\t\t\t\t\t\t\t\t\t\t\t\t\t<img width=\"666\" height=\"446\" src=\"https:\/\/build.cross-dock.hu\/wp-content\/uploads\/2021\/12\/cta-block-img_mobile.jpg\" alt=\"\" loading=\"lazy\" srcset=\"https:\/\/build.cross-dock.hu\/wp-content\/uploads\/2021\/12\/cta-block-img_mobile.jpg 666w, https:\/\/build.cross-dock.hu\/wp-content\/uploads\/2021\/12\/cta-block-img_mobile-300x201.jpg 300w\" sizes=\"(max-width: 666px) 100vw, 666px\" \/><br \/>\n\t\t\t\t\t\t\t\t\t\t\t\t\t\t\t<img src=\"https:\/\/build.cross-dock.hu\/wp-content\/uploads\/2021\/12\/cta_decor.svg\" alt=\"\" loading=\"lazy\" height=\"142\" width=\"563\" \/><\/p>\n","protected":false},"excerpt":{"rendered":"<p>Belf\u00f6ldi Sz\u00e1ll\u00edtm\u00e1nyoz\u00e1s Nemzetk\u00f6zi forgalmunk kiszolg\u00e1l\u00e1sa miatt j\u00e1rm\u0171parkunk folyamatosan mozog haz\u00e1nk ter\u00fclet\u00e9n is, ez\u00e9rt k\u00f6lts\u00e9ghat\u00e9konyan sz\u00e1ll\u00edtunk belf\u00f6ldi viszonylatokban. Ak\u00e1r a nehezen el\u00e9rhet\u0151 orsz\u00e1gr\u00e9szekben is. \u00c9rdekel Megb\u00edz\u00f3ink sz\u00e1m\u00e1ra a kisz\u00e1m\u00edthat\u00f3 fuvarszervez\u00e9s\u00fcnk az esem\u00e9nyalap\u00fa j\u00e1ratinform\u00e1ci\u00f3ink megoszt\u00e1s\u00e1val j\u00f6n l\u00e9tre. Azokat szolg\u00e1ljuk els\u0151sorban, akiknek l\u00e9nyeges az esem\u00e9nyszer\u0171 j\u00e1rat inform\u00e1ci\u00f3. Ezzel \u00fcgyfeleinknek is k\u00f6nnyebben szervezhet\u0151 \u00e9s kisz\u00e1m\u00edthat\u00f3 minden \u00e1rufogad\u00e1s. Aj\u00e1nlatunk visszaigazol\u00e1s\u00e1t &hellip;<\/p>\n<p class=\"read-more\"> <a class=\"\" href=\"https:\/\/build.cross-dock.hu\/index.php\/belfoldi-szallitmanyozas\/\"> <span class=\"screen-reader-text\">Belf\u00f6ldi Sz\u00e1ll\u00edtm\u00e1nyoz\u00e1s<\/span> Read More &raquo;<\/a><\/p>\n","protected":false},"author":1,"featured_media":0,"parent":0,"menu_order":0,"comment_status":"closed","ping_status":"closed","template":"","meta":{"site-sidebar-layout":"no-sidebar","site-content-layout":"page-builder","ast-main-header-display":"","ast-hfb-above-header-display":"","ast-hfb-below-header-display":"","ast-hfb-mobile-header-display":"","site-post-title":"disabled","ast-breadcrumbs-content":"","ast-featured-img":"disabled","footer-sml-layout":"","theme-transparent-header-meta":"","adv-header-id-meta":"","stick-header-meta":"","header-above-stick-meta":"","header-main-stick-meta":"","header-below-stick-meta":""},"yoast_head":"<!-- This site is optimized with the Yoast SEO plugin v17.8 - https:\/\/yoast.com\/wordpress\/plugins\/seo\/ -->\n<title>Belf\u00f6ldi Sz\u00e1ll\u00edtm\u00e1nyoz\u00e1s - Cross-Dock Logisztikai Kft.<\/title>\n<meta name=\"robots\" content=\"index, follow, max-snippet:-1, max-image-preview:large, max-video-preview:-1\" \/>\n<link rel=\"canonical\" href=\"https:\/\/build.cross-dock.hu\/index.php\/belfoldi-szallitmanyozas\/\" \/>\n<meta property=\"og:locale\" content=\"en_US\" \/>\n<meta property=\"og:type\" content=\"article\" \/>\n<meta property=\"og:title\" content=\"Belf\u00f6ldi Sz\u00e1ll\u00edtm\u00e1nyoz\u00e1s - Cross-Dock Logisztikai Kft.\" \/>\n<meta property=\"og:description\" content=\"Belf\u00f6ldi Sz\u00e1ll\u00edtm\u00e1nyoz\u00e1s Nemzetk\u00f6zi forgalmunk kiszolg\u00e1l\u00e1sa miatt j\u00e1rm\u0171parkunk folyamatosan mozog haz\u00e1nk ter\u00fclet\u00e9n is, ez\u00e9rt k\u00f6lts\u00e9ghat\u00e9konyan sz\u00e1ll\u00edtunk belf\u00f6ldi viszonylatokban. Ak\u00e1r a nehezen el\u00e9rhet\u0151 orsz\u00e1gr\u00e9szekben is. \u00c9rdekel Megb\u00edz\u00f3ink sz\u00e1m\u00e1ra a kisz\u00e1m\u00edthat\u00f3 fuvarszervez\u00e9s\u00fcnk az esem\u00e9nyalap\u00fa j\u00e1ratinform\u00e1ci\u00f3ink megoszt\u00e1s\u00e1val j\u00f6n l\u00e9tre. Azokat szolg\u00e1ljuk els\u0151sorban, akiknek l\u00e9nyeges az esem\u00e9nyszer\u0171 j\u00e1rat inform\u00e1ci\u00f3. Ezzel \u00fcgyfeleinknek is k\u00f6nnyebben szervezhet\u0151 \u00e9s kisz\u00e1m\u00edthat\u00f3 minden \u00e1rufogad\u00e1s. Aj\u00e1nlatunk visszaigazol\u00e1s\u00e1t &hellip; Belf\u00f6ldi Sz\u00e1ll\u00edtm\u00e1nyoz\u00e1s Read More &raquo;\" \/>\n<meta property=\"og:url\" content=\"https:\/\/build.cross-dock.hu\/index.php\/belfoldi-szallitmanyozas\/\" \/>\n<meta property=\"og:site_name\" content=\"Cross-Dock Logisztikai Kft.\" \/>\n<meta property=\"article:modified_time\" content=\"2021-12-30T18:30:05+00:00\" \/>\n<meta property=\"og:image\" content=\"https:\/\/build.cross-dock.hu\/wp-content\/uploads\/2021\/12\/belfoldi-sz-hero-img2-1024x941.png\" \/>\n<meta name=\"twitter:card\" content=\"summary_large_image\" \/>\n<meta name=\"twitter:label1\" content=\"Est. reading time\" \/>\n\t<meta name=\"twitter:data1\" content=\"2 minutes\" \/>\n<script type=\"application\/ld+json\" class=\"yoast-schema-graph\">{\"@context\":\"https:\/\/schema.org\",\"@graph\":[{\"@type\":\"WebSite\",\"@id\":\"https:\/\/build.cross-dock.hu\/#website\",\"url\":\"https:\/\/build.cross-dock.hu\/\",\"name\":\"Cross-Dock Logisztikai Kft.\",\"description\":\"\",\"potentialAction\":[{\"@type\":\"SearchAction\",\"target\":{\"@type\":\"EntryPoint\",\"urlTemplate\":\"https:\/\/build.cross-dock.hu\/?s={search_term_string}\"},\"query-input\":\"required name=search_term_string\"}],\"inLanguage\":\"en-US\"},{\"@type\":\"ImageObject\",\"@id\":\"https:\/\/build.cross-dock.hu\/index.php\/belfoldi-szallitmanyozas\/#primaryimage\",\"inLanguage\":\"en-US\",\"url\":\"https:\/\/build.cross-dock.hu\/wp-content\/uploads\/2021\/12\/belfoldi-sz-hero-img2.png\",\"contentUrl\":\"https:\/\/build.cross-dock.hu\/wp-content\/uploads\/2021\/12\/belfoldi-sz-hero-img2.png\",\"width\":1247,\"height\":1146},{\"@type\":\"WebPage\",\"@id\":\"https:\/\/build.cross-dock.hu\/index.php\/belfoldi-szallitmanyozas\/#webpage\",\"url\":\"https:\/\/build.cross-dock.hu\/index.php\/belfoldi-szallitmanyozas\/\",\"name\":\"Belf\\u00f6ldi Sz\\u00e1ll\\u00edtm\\u00e1nyoz\\u00e1s - Cross-Dock Logisztikai Kft.\",\"isPartOf\":{\"@id\":\"https:\/\/build.cross-dock.hu\/#website\"},\"primaryImageOfPage\":{\"@id\":\"https:\/\/build.cross-dock.hu\/index.php\/belfoldi-szallitmanyozas\/#primaryimage\"},\"datePublished\":\"2021-12-21T21:27:45+00:00\",\"dateModified\":\"2021-12-30T18:30:05+00:00\",\"breadcrumb\":{\"@id\":\"https:\/\/build.cross-dock.hu\/index.php\/belfoldi-szallitmanyozas\/#breadcrumb\"},\"inLanguage\":\"en-US\",\"potentialAction\":[{\"@type\":\"ReadAction\",\"target\":[\"https:\/\/build.cross-dock.hu\/index.php\/belfoldi-szallitmanyozas\/\"]}]},{\"@type\":\"BreadcrumbList\",\"@id\":\"https:\/\/build.cross-dock.hu\/index.php\/belfoldi-szallitmanyozas\/#breadcrumb\",\"itemListElement\":[{\"@type\":\"ListItem\",\"position\":1,\"name\":\"Home\",\"item\":\"https:\/\/build.cross-dock.hu\/\"},{\"@type\":\"ListItem\",\"position\":2,\"name\":\"Belf\\u00f6ldi Sz\\u00e1ll\\u00edtm\\u00e1nyoz\\u00e1s\"}]}]}<\/script>\n<!-- \/ Yoast SEO plugin. -->","yoast_head_json":{"title":"Belf\u00f6ldi Sz\u00e1ll\u00edtm\u00e1nyoz\u00e1s - Cross-Dock Logisztikai Kft.","robots":{"index":"index","follow":"follow","max-snippet":"max-snippet:-1","max-image-preview":"max-image-preview:large","max-video-preview":"max-video-preview:-1"},"canonical":"https:\/\/build.cross-dock.hu\/index.php\/belfoldi-szallitmanyozas\/","og_locale":"en_US","og_type":"article","og_title":"Belf\u00f6ldi Sz\u00e1ll\u00edtm\u00e1nyoz\u00e1s - Cross-Dock Logisztikai Kft.","og_description":"Belf\u00f6ldi Sz\u00e1ll\u00edtm\u00e1nyoz\u00e1s Nemzetk\u00f6zi forgalmunk kiszolg\u00e1l\u00e1sa miatt j\u00e1rm\u0171parkunk folyamatosan mozog haz\u00e1nk ter\u00fclet\u00e9n is, ez\u00e9rt k\u00f6lts\u00e9ghat\u00e9konyan sz\u00e1ll\u00edtunk belf\u00f6ldi viszonylatokban. Ak\u00e1r a nehezen el\u00e9rhet\u0151 orsz\u00e1gr\u00e9szekben is. \u00c9rdekel Megb\u00edz\u00f3ink sz\u00e1m\u00e1ra a kisz\u00e1m\u00edthat\u00f3 fuvarszervez\u00e9s\u00fcnk az esem\u00e9nyalap\u00fa j\u00e1ratinform\u00e1ci\u00f3ink megoszt\u00e1s\u00e1val j\u00f6n l\u00e9tre. Azokat szolg\u00e1ljuk els\u0151sorban, akiknek l\u00e9nyeges az esem\u00e9nyszer\u0171 j\u00e1rat inform\u00e1ci\u00f3. Ezzel \u00fcgyfeleinknek is k\u00f6nnyebben szervezhet\u0151 \u00e9s kisz\u00e1m\u00edthat\u00f3 minden \u00e1rufogad\u00e1s. Aj\u00e1nlatunk visszaigazol\u00e1s\u00e1t &hellip; Belf\u00f6ldi Sz\u00e1ll\u00edtm\u00e1nyoz\u00e1s Read More &raquo;","og_url":"https:\/\/build.cross-dock.hu\/index.php\/belfoldi-szallitmanyozas\/","og_site_name":"Cross-Dock Logisztikai Kft.","article_modified_time":"2021-12-30T18:30:05+00:00","og_image":[{"url":"https:\/\/build.cross-dock.hu\/wp-content\/uploads\/2021\/12\/belfoldi-sz-hero-img2-1024x941.png"}],"twitter_card":"summary_large_image","twitter_misc":{"Est. reading time":"2 minutes"},"schema":{"@context":"https:\/\/schema.org","@graph":[{"@type":"WebSite","@id":"https:\/\/build.cross-dock.hu\/#website","url":"https:\/\/build.cross-dock.hu\/","name":"Cross-Dock Logisztikai Kft.","description":"","potentialAction":[{"@type":"SearchAction","target":{"@type":"EntryPoint","urlTemplate":"https:\/\/build.cross-dock.hu\/?s={search_term_string}"},"query-input":"required name=search_term_string"}],"inLanguage":"en-US"},{"@type":"ImageObject","@id":"https:\/\/build.cross-dock.hu\/index.php\/belfoldi-szallitmanyozas\/#primaryimage","inLanguage":"en-US","url":"https:\/\/build.cross-dock.hu\/wp-content\/uploads\/2021\/12\/belfoldi-sz-hero-img2.png","contentUrl":"https:\/\/build.cross-dock.hu\/wp-content\/uploads\/2021\/12\/belfoldi-sz-hero-img2.png","width":1247,"height":1146},{"@type":"WebPage","@id":"https:\/\/build.cross-dock.hu\/index.php\/belfoldi-szallitmanyozas\/#webpage","url":"https:\/\/build.cross-dock.hu\/index.php\/belfoldi-szallitmanyozas\/","name":"Belf\u00f6ldi Sz\u00e1ll\u00edtm\u00e1nyoz\u00e1s - Cross-Dock Logisztikai Kft.","isPartOf":{"@id":"https:\/\/build.cross-dock.hu\/#website"},"primaryImageOfPage":{"@id":"https:\/\/build.cross-dock.hu\/index.php\/belfoldi-szallitmanyozas\/#primaryimage"},"datePublished":"2021-12-21T21:27:45+00:00","dateModified":"2021-12-30T18:30:05+00:00","breadcrumb":{"@id":"https:\/\/build.cross-dock.hu\/index.php\/belfoldi-szallitmanyozas\/#breadcrumb"},"inLanguage":"en-US","potentialAction":[{"@type":"ReadAction","target":["https:\/\/build.cross-dock.hu\/index.php\/belfoldi-szallitmanyozas\/"]}]},{"@type":"BreadcrumbList","@id":"https:\/\/build.cross-dock.hu\/index.php\/belfoldi-szallitmanyozas\/#breadcrumb","itemListElement":[{"@type":"ListItem","position":1,"name":"Home","item":"https:\/\/build.cross-dock.hu\/"},{"@type":"ListItem","position":2,"name":"Belf\u00f6ldi Sz\u00e1ll\u00edtm\u00e1nyoz\u00e1s"}]}]}},"_links":{"self":[{"href":"https:\/\/build.cross-dock.hu\/index.php\/wp-json\/wp\/v2\/pages\/80"}],"collection":[{"href":"https:\/\/build.cross-dock.hu\/index.php\/wp-json\/wp\/v2\/pages"}],"about":[{"href":"https:\/\/build.cross-dock.hu\/index.php\/wp-json\/wp\/v2\/types\/page"}],"author":[{"embeddable":true,"href":"https:\/\/build.cross-dock.hu\/index.php\/wp-json\/wp\/v2\/users\/1"}],"replies":[{"embeddable":true,"href":"https:\/\/build.cross-dock.hu\/index.php\/wp-json\/wp\/v2\/comments?post=80"}],"version-history":[{"count":31,"href":"https:\/\/build.cross-dock.hu\/index.php\/wp-json\/wp\/v2\/pages\/80\/revisions"}],"predecessor-version":[{"id":755,"href":"https:\/\/build.cross-dock.hu\/index.php\/wp-json\/wp\/v2\/pages\/80\/revisions\/755"}],"wp:attachment":[{"href":"https:\/\/build.cross-dock.hu\/index.php\/wp-json\/wp\/v2\/media?parent=80"}],"curies":[{"name":"wp","href":"https:\/\/api.w.org\/{rel}","templated":true}]}}